{"id":5521,"date":"2019-07-23T17:47:06","date_gmt":"2019-07-23T15:47:06","guid":{"rendered":"http:\/\/130.61.100.28\/wordpress\/bellesguard\/"},"modified":"2021-11-11T12:41:45","modified_gmt":"2021-11-11T11:41:45","slug":"bellesguard","status":"publish","type":"page","link":"https:\/\/bellesguardgaudi.com\/ca\/bellesguard\/","title":{"rendered":"Bellesguard"},"content":{"rendered":"<p>[vc_row el_class=&#8221;box-text&#8221;][vc_column][vc_column_text]<\/p>\n<h3 style=\"text-align: center;\">La Torre Bellesguard \u00e9s un nou espai a Barcelona, obert a la ciutat i al m\u00f3n, al turisme per\u00f2 tamb\u00e9 a la cultura, al coneixement, a la investigaci\u00f3, a la hist\u00f2ria, a la m\u00fasica i a l\u2019art.<\/h3>\n<p>[\/vc_column_text][vc_separator css=&#8221;.vc_custom_1563962635993{margin-top: 30px !important;margin-bottom: 50px !important;}&#8221;][\/vc_column][\/vc_row][vc_row][vc_column width=&#8221;5\/12&#8243;][vc_column_text]Amb les portes obertes i les mans esteses a tota mena de col\u00b7laboraci\u00f3 o sinergia, i amb la mirada posada en les noves tecnologies, les xarxes socials i una comunicaci\u00f3 fluida i honesta amb tot aquell que vulgui acostar-se al m\u00f3n gaudini\u00e0 de Bellesguard. Contacteu-nos, estem a la vostra disposici\u00f3.<\/p>\n<h3>De totes les obres d\u2019Antoni Gaud\u00ed, la Torre Bellesguard \u00e9s la que t\u00e9 m\u00e9s hist\u00f2ria.<\/h3>\n<p>Gr\u00e0cies a l\u2019abund\u00e0ncia d\u2019aig\u00fces subterr\u00e0nies i la puresa dels seus aires, aquest indret sempre ha estat habitat, convertint-se en resid\u00e8ncia reial el 1408 quan el monarca Mart\u00ed I, \u00faltim rei del Casal de Barcelona, s\u2019 instal\u00b7la a viure a Bellesguard fins a la seva mort el 1410. Encara avui podem trobar als voltants de l\u2019edifici constru\u00eft per Gaud\u00ed, les restes medievals del palau i les muralles.[\/vc_column_text][\/vc_column][vc_column width=&#8221;7\/12&#8243;][vc_column_text]\r\n<div id=\"slider-pro-1\" class=\"slider-pro sp-no-js\" style=\"width: 800px; height: 533px;\">\r\n\t<div class=\"sp-slides\">\r\n\t\t\r\n\t\t<div class=\"sp-slide\">\r\n\t\t\t<img loading=\"lazy\" decoding=\"async\" class=\"sp-image\" src=\"https:\/\/bellesguardgaudi.com\/wp-content\/uploads\/2024\/09\/0.-INICIAL-scaled.webp\" width=\"2560\" height=\"1708\" \/>\r\n\t\t\t\r\n\t\t<\/div>\r\n\t\t<div class=\"sp-slide\">\r\n\t\t\t<img loading=\"lazy\" decoding=\"async\" class=\"sp-image\" src=\"https:\/\/bellesguardgaudi.com\/wp-content\/uploads\/2024\/09\/1G-scaled.webp\" width=\"2560\" height=\"1708\" \/>\r\n\t\t\t\r\n\t\t<\/div>\r\n\t\t<div class=\"sp-slide\">\r\n\t\t\t<img loading=\"lazy\" decoding=\"async\" class=\"sp-image\" src=\"https:\/\/bellesguardgaudi.com\/wp-content\/uploads\/2024\/09\/2G.webp\" width=\"2000\" height=\"1333\" \/>\r\n\t\t\t\r\n\t\t<\/div>\r\n\t\t<div class=\"sp-slide\">\r\n\t\t\t<img loading=\"lazy\" decoding=\"async\" class=\"sp-image\" src=\"https:\/\/bellesguardgaudi.com\/wp-content\/uploads\/2024\/09\/3G-scaled.webp\" width=\"2560\" height=\"1708\" \/>\r\n\t\t\t\r\n\t\t<\/div>\r\n\t\t<div class=\"sp-slide\">\r\n\t\t\t<img loading=\"lazy\" decoding=\"async\" class=\"sp-image\" src=\"https:\/\/bellesguardgaudi.com\/wp-content\/uploads\/2024\/09\/4G-scaled.webp\" width=\"2560\" height=\"1708\" \/>\r\n\t\t\t\r\n\t\t<\/div>\r\n\t\t<div class=\"sp-slide\">\r\n\t\t\t<img loading=\"lazy\" decoding=\"async\" class=\"sp-image\" src=\"https:\/\/bellesguardgaudi.com\/wp-content\/uploads\/2024\/09\/5G-scaled.webp\" width=\"2560\" height=\"1708\" \/>\r\n\t\t\t\r\n\t\t<\/div>\r\n\t\t<div class=\"sp-slide\">\r\n\t\t\t<img loading=\"lazy\" decoding=\"async\" class=\"sp-image\" src=\"https:\/\/bellesguardgaudi.com\/wp-content\/uploads\/2024\/09\/6G-scaled.webp\" width=\"2560\" height=\"1707\" \/>\r\n\t\t\t\r\n\t\t<\/div>\r\n\t\t<div class=\"sp-slide\">\r\n\t\t\t<img loading=\"lazy\" decoding=\"async\" class=\"sp-image\" src=\"https:\/\/bellesguardgaudi.com\/wp-content\/uploads\/2024\/09\/7G-scaled.webp\" width=\"2560\" height=\"1708\" \/>\r\n\t\t\t\r\n\t\t<\/div>\r\n\t\t<div class=\"sp-slide\">\r\n\t\t\t<img loading=\"lazy\" decoding=\"async\" class=\"sp-image\" src=\"https:\/\/bellesguardgaudi.com\/wp-content\/uploads\/2024\/09\/8G-scaled.webp\" width=\"2560\" height=\"1708\" \/>\r\n\t\t\t\r\n\t\t<\/div>\r\n\t<\/div>\r\n<\/div>[\/vc_column_text][\/vc_column][\/vc_row][vc_row][vc_column width=&#8221;5\/12&#8243;][vc_column_text]S\u00f3n molts els personatges que durant els segles han coincidit a Bellesguard, hist\u00f2ries creuades carregades de casualitats i causalitats, grans biografies i fets molt importants s\u2019han donat cita en aquesta petita porci\u00f3 de terra, carregada de rastres i records d\u2019\u00e8poques passades.[\/vc_column_text][\/vc_column][vc_column width=&#8221;7\/12&#8243;][vc_column_text]Tota aquesta hist\u00f2ria influencia molt Antoni Gaud\u00ed, que construeix a Bellesguard una obra \u00fanica, arquitect\u00f2nicament a mig cam\u00ed entre el g\u00f2tic i el modernisme, carregada de simbologia i al\u00b7lusions al passat, envoltada de bell\u00edssims jardins on perdre la noci\u00f3 del temps i deixar-se impregnar per l\u2019ess\u00e8ncia i la m\u00e0gia de l\u2019obra m\u00e9s desconeguda i fascinant de Gaud\u00ed.[\/vc_column_text][\/vc_column][\/vc_row]<\/p>\n","protected":false},"excerpt":{"rendered":"<p>[vc_row el_class=&#8221;box-text&#8221;][vc_column][vc_column_text] La Torre Bellesguard \u00e9s un nou espai a Barcelona, obert a la ciutat i al m\u00f3n, al turisme per\u00f2 tamb\u00e9 a la cultura, al coneixement, a la investigaci\u00f3, a la hist\u00f2ria, a la m\u00fasica i a l\u2019art. [\/vc_column_text][vc_separator css=&#8221;.vc_custom_1563962635993{margin-top: 30px !important;margin-bottom: 50px !important;}&#8221;][\/vc_column][\/vc_row][vc_row][vc_column width=&#8221;5\/12&#8243;][vc_column_text]Amb les portes obertes i les mans esteses a tota [&hellip;]<\/p>\n","protected":false},"author":1,"featured_media":0,"parent":0,"menu_order":0,"comment_status":"closed","ping_status":"closed","template":"","meta":{"_acf_changed":false,"footnotes":""},"class_list":["post-5521","page","type-page","status-publish","hentry"],"acf":[],"yoast_head":"<!-- This site is optimized with the Yoast SEO plugin v27.2 - https:\/\/yoast.com\/product\/yoast-seo-wordpress\/ -->\n<title>Torre Bellesguard | Obra Exclusiva de Gaud\u00ed a Barcelona<\/title>\n<meta name=\"description\" content=\"Descobreix Bellesguard, l&#039;obra m\u00e9s exclusiva de l&#039;arquitecte modernista declarada B\u00e9 d&#039;Inter\u00e8s Cultural a Barcelona. Gaud\u00ed en estat pur. Visita&#039;ns!\" \/>\n<meta name=\"robots\" content=\"index, follow, max-snippet:-1, max-image-preview:large, max-video-preview:-1\" \/>\n<link rel=\"canonical\" href=\"https:\/\/bellesguardgaudi.com\/ca\/bellesguard\/\" \/>\n<meta property=\"og:locale\" content=\"ca_ES\" \/>\n<meta property=\"og:type\" content=\"article\" \/>\n<meta property=\"og:title\" content=\"Torre Bellesguard | Obra Exclusiva de Gaud\u00ed a Barcelona\" \/>\n<meta property=\"og:description\" content=\"Descobreix Bellesguard, l&#039;obra m\u00e9s exclusiva de l&#039;arquitecte modernista declarada B\u00e9 d&#039;Inter\u00e8s Cultural a Barcelona. Gaud\u00ed en estat pur. Visita&#039;ns!\" \/>\n<meta property=\"og:url\" content=\"https:\/\/bellesguardgaudi.com\/ca\/bellesguard\/\" \/>\n<meta property=\"og:site_name\" content=\"Obra Modernista de Antoni Gaud\u00ed en Barcelona | Torre Bellesguard\" \/>\n<meta property=\"article:modified_time\" content=\"2021-11-11T11:41:45+00:00\" \/>\n<meta name=\"twitter:card\" content=\"summary_large_image\" \/>\n<meta name=\"twitter:label1\" content=\"Temps estimat de lectura\" \/>\n\t<meta name=\"twitter:data1\" content=\"2 minuts\" \/>\n<script type=\"application\/ld+json\" class=\"yoast-schema-graph\">{\"@context\":\"https:\/\/schema.org\",\"@graph\":[{\"@type\":\"WebPage\",\"@id\":\"https:\/\/bellesguardgaudi.com\/ca\/bellesguard\/\",\"url\":\"https:\/\/bellesguardgaudi.com\/ca\/bellesguard\/\",\"name\":\"Torre Bellesguard | Obra Exclusiva de Gaud\u00ed a Barcelona\",\"isPartOf\":{\"@id\":\"https:\/\/bellesguardgaudi.com\/ca\/#website\"},\"datePublished\":\"2019-07-23T15:47:06+00:00\",\"dateModified\":\"2021-11-11T11:41:45+00:00\",\"description\":\"Descobreix Bellesguard, l'obra m\u00e9s exclusiva de l'arquitecte modernista declarada B\u00e9 d'Inter\u00e8s Cultural a Barcelona. Gaud\u00ed en estat pur. Visita'ns!\",\"breadcrumb\":{\"@id\":\"https:\/\/bellesguardgaudi.com\/ca\/bellesguard\/#breadcrumb\"},\"inLanguage\":\"ca\",\"potentialAction\":[{\"@type\":\"ReadAction\",\"target\":[\"https:\/\/bellesguardgaudi.com\/ca\/bellesguard\/\"]}]},{\"@type\":\"BreadcrumbList\",\"@id\":\"https:\/\/bellesguardgaudi.com\/ca\/bellesguard\/#breadcrumb\",\"itemListElement\":[{\"@type\":\"ListItem\",\"position\":1,\"name\":\"Portada\",\"item\":\"https:\/\/bellesguardgaudi.com\/ca\/\"},{\"@type\":\"ListItem\",\"position\":2,\"name\":\"Bellesguard\"}]},{\"@type\":\"WebSite\",\"@id\":\"https:\/\/bellesguardgaudi.com\/ca\/#website\",\"url\":\"https:\/\/bellesguardgaudi.com\/ca\/\",\"name\":\"Obra Modernista de Antoni Gaud\u00ed en Barcelona | Torre Bellesguard\",\"description\":\"Web oficial de la Torre Bellesguard. Una de las obras m\u00e1s personales del arquitecto modernista Gaud\u00ed en Barcelona. \u00a1Vis\u00edtala sin colas ni aglomeraciones!\",\"potentialAction\":[{\"@type\":\"SearchAction\",\"target\":{\"@type\":\"EntryPoint\",\"urlTemplate\":\"https:\/\/bellesguardgaudi.com\/ca\/?s={search_term_string}\"},\"query-input\":{\"@type\":\"PropertyValueSpecification\",\"valueRequired\":true,\"valueName\":\"search_term_string\"}}],\"inLanguage\":\"ca\"}]}<\/script>\n<!-- \/ Yoast SEO plugin. -->","yoast_head_json":{"title":"Torre Bellesguard | Obra Exclusiva de Gaud\u00ed a Barcelona","description":"Descobreix Bellesguard, l'obra m\u00e9s exclusiva de l'arquitecte modernista declarada B\u00e9 d'Inter\u00e8s Cultural a Barcelona. Gaud\u00ed en estat pur. Visita'ns!","robots":{"index":"index","follow":"follow","max-snippet":"max-snippet:-1","max-image-preview":"max-image-preview:large","max-video-preview":"max-video-preview:-1"},"canonical":"https:\/\/bellesguardgaudi.com\/ca\/bellesguard\/","og_locale":"ca_ES","og_type":"article","og_title":"Torre Bellesguard | Obra Exclusiva de Gaud\u00ed a Barcelona","og_description":"Descobreix Bellesguard, l'obra m\u00e9s exclusiva de l'arquitecte modernista declarada B\u00e9 d'Inter\u00e8s Cultural a Barcelona. Gaud\u00ed en estat pur. Visita'ns!","og_url":"https:\/\/bellesguardgaudi.com\/ca\/bellesguard\/","og_site_name":"Obra Modernista de Antoni Gaud\u00ed en Barcelona | Torre Bellesguard","article_modified_time":"2021-11-11T11:41:45+00:00","twitter_card":"summary_large_image","twitter_misc":{"Temps estimat de lectura":"2 minuts"},"schema":{"@context":"https:\/\/schema.org","@graph":[{"@type":"WebPage","@id":"https:\/\/bellesguardgaudi.com\/ca\/bellesguard\/","url":"https:\/\/bellesguardgaudi.com\/ca\/bellesguard\/","name":"Torre Bellesguard | Obra Exclusiva de Gaud\u00ed a Barcelona","isPartOf":{"@id":"https:\/\/bellesguardgaudi.com\/ca\/#website"},"datePublished":"2019-07-23T15:47:06+00:00","dateModified":"2021-11-11T11:41:45+00:00","description":"Descobreix Bellesguard, l'obra m\u00e9s exclusiva de l'arquitecte modernista declarada B\u00e9 d'Inter\u00e8s Cultural a Barcelona. Gaud\u00ed en estat pur. Visita'ns!","breadcrumb":{"@id":"https:\/\/bellesguardgaudi.com\/ca\/bellesguard\/#breadcrumb"},"inLanguage":"ca","potentialAction":[{"@type":"ReadAction","target":["https:\/\/bellesguardgaudi.com\/ca\/bellesguard\/"]}]},{"@type":"BreadcrumbList","@id":"https:\/\/bellesguardgaudi.com\/ca\/bellesguard\/#breadcrumb","itemListElement":[{"@type":"ListItem","position":1,"name":"Portada","item":"https:\/\/bellesguardgaudi.com\/ca\/"},{"@type":"ListItem","position":2,"name":"Bellesguard"}]},{"@type":"WebSite","@id":"https:\/\/bellesguardgaudi.com\/ca\/#website","url":"https:\/\/bellesguardgaudi.com\/ca\/","name":"Obra Modernista de Antoni Gaud\u00ed en Barcelona | Torre Bellesguard","description":"Web oficial de la Torre Bellesguard. Una de las obras m\u00e1s personales del arquitecto modernista Gaud\u00ed en Barcelona. \u00a1Vis\u00edtala sin colas ni aglomeraciones!","potentialAction":[{"@type":"SearchAction","target":{"@type":"EntryPoint","urlTemplate":"https:\/\/bellesguardgaudi.com\/ca\/?s={search_term_string}"},"query-input":{"@type":"PropertyValueSpecification","valueRequired":true,"valueName":"search_term_string"}}],"inLanguage":"ca"}]}},"_links":{"self":[{"href":"https:\/\/bellesguardgaudi.com\/ca\/wp-json\/wp\/v2\/pages\/5521","targetHints":{"allow":["GET"]}}],"collection":[{"href":"https:\/\/bellesguardgaudi.com\/ca\/wp-json\/wp\/v2\/pages"}],"about":[{"href":"https:\/\/bellesguardgaudi.com\/ca\/wp-json\/wp\/v2\/types\/page"}],"author":[{"embeddable":true,"href":"https:\/\/bellesguardgaudi.com\/ca\/wp-json\/wp\/v2\/users\/1"}],"replies":[{"embeddable":true,"href":"https:\/\/bellesguardgaudi.com\/ca\/wp-json\/wp\/v2\/comments?post=5521"}],"version-history":[{"count":5,"href":"https:\/\/bellesguardgaudi.com\/ca\/wp-json\/wp\/v2\/pages\/5521\/revisions"}],"predecessor-version":[{"id":9408,"href":"https:\/\/bellesguardgaudi.com\/ca\/wp-json\/wp\/v2\/pages\/5521\/revisions\/9408"}],"wp:attachment":[{"href":"https:\/\/bellesguardgaudi.com\/ca\/wp-json\/wp\/v2\/media?parent=5521"}],"curies":[{"name":"wp","href":"https:\/\/api.w.org\/{rel}","templated":true}]}}

<p>[vc_row el_class=&#8221;box-text&#8221;][vc_column][vc_column_text]</p>
<h3 style="text-align: center;">La Torre Bellesguard és un nou espai a Barcelona, obert a la ciutat i al món, al turisme però també a la cultura, al coneixement, a la investigació, a la història, a la música i a l’art.</h3>
<p>[/vc_column_text][vc_separator css=&#8221;.vc_custom_1563962635993{margin-top: 30px !important;margin-bottom: 50px !important;}&#8221;][/vc_column][/vc_row][vc_row][vc_column width=&#8221;5/12&#8243;][vc_column_text]Amb les portes obertes i les mans esteses a tota mena de col·laboració o sinergia, i amb la mirada posada en les noves tecnologies, les xarxes socials i una comunicació fluida i honesta amb tot aquell que vulgui acostar-se al món gaudinià de Bellesguard. Contacteu-nos, estem a la vostra disposició.</p>
<h3>De totes les obres d’Antoni Gaudí, la Torre Bellesguard és la que té més història.</h3>
<p>Gràcies a l’abundància d’aigües subterrànies i la puresa dels seus aires, aquest indret sempre ha estat habitat, convertint-se en residència reial el 1408 quan el monarca Martí I, últim rei del Casal de Barcelona, s’ instal·la a viure a Bellesguard fins a la seva mort el 1410. Encara avui podem trobar als voltants de l’edifici construït per Gaudí, les restes medievals del palau i les muralles.[/vc_column_text][/vc_column][vc_column width=&#8221;7/12&#8243;][vc_column_text]
<div id="slider-pro-1" class="slider-pro sp-no-js" style="width: 800px; height: 533px;">
	<div class="sp-slides">
		
		<div class="sp-slide">
			<img loading="lazy" decoding="async" class="sp-image" src="https://bellesguardgaudi.com/wp-content/uploads/2024/09/0.-INICIAL-scaled.webp" width="2560" height="1708" />
			
		</div>
		<div class="sp-slide">
			<img loading="lazy" decoding="async" class="sp-image" src="https://bellesguardgaudi.com/wp-content/uploads/2024/09/1G-scaled.webp" width="2560" height="1708" />
			
		</div>
		<div class="sp-slide">
			<img loading="lazy" decoding="async" class="sp-image" src="https://bellesguardgaudi.com/wp-content/uploads/2024/09/2G.webp" width="2000" height="1333" />
			
		</div>
		<div class="sp-slide">
			<img loading="lazy" decoding="async" class="sp-image" src="https://bellesguardgaudi.com/wp-content/uploads/2024/09/3G-scaled.webp" width="2560" height="1708" />
			
		</div>
		<div class="sp-slide">
			<img loading="lazy" decoding="async" class="sp-image" src="https://bellesguardgaudi.com/wp-content/uploads/2024/09/4G-scaled.webp" width="2560" height="1708" />
			
		</div>
		<div class="sp-slide">
			<img loading="lazy" decoding="async" class="sp-image" src="https://bellesguardgaudi.com/wp-content/uploads/2024/09/5G-scaled.webp" width="2560" height="1708" />
			
		</div>
		<div class="sp-slide">
			<img loading="lazy" decoding="async" class="sp-image" src="https://bellesguardgaudi.com/wp-content/uploads/2024/09/6G-scaled.webp" width="2560" height="1707" />
			
		</div>
		<div class="sp-slide">
			<img loading="lazy" decoding="async" class="sp-image" src="https://bellesguardgaudi.com/wp-content/uploads/2024/09/7G-scaled.webp" width="2560" height="1708" />
			
		</div>
		<div class="sp-slide">
			<img loading="lazy" decoding="async" class="sp-image" src="https://bellesguardgaudi.com/wp-content/uploads/2024/09/8G-scaled.webp" width="2560" height="1708" />
			
		</div>
	</div>
</div>[/vc_column_text][/vc_column][/vc_row][vc_row][vc_column width=&#8221;5/12&#8243;][vc_column_text]Són molts els personatges que durant els segles han coincidit a Bellesguard, històries creuades carregades de casualitats i causalitats, grans biografies i fets molt importants s’han donat cita en aquesta petita porció de terra, carregada de rastres i records d’èpoques passades.[/vc_column_text][/vc_column][vc_column width=&#8221;7/12&#8243;][vc_column_text]Tota aquesta història influencia molt Antoni Gaudí, que construeix a Bellesguard una obra única, arquitectònicament a mig camí entre el gòtic i el modernisme, carregada de simbologia i al·lusions al passat, envoltada de bellíssims jardins on perdre la noció del temps i deixar-se impregnar per l’essència i la màgia de l’obra més desconeguda i fascinant de Gaudí.[/vc_column_text][/vc_column][/vc_row]</p>

<p>[vc_row el_class=&#8221;box-text&#8221;][vc_column][vc_column_text] La Torre Bellesguard és un nou espai a Barcelona, obert a la ciutat i al món, al turisme però també a la cultura, al coneixement, a la investigació, a la història, a la música i a l’art. [/vc_column_text][vc_separator css=&#8221;.vc_custom_1563962635993{margin-top: 30px !important;margin-bottom: 50px !important;}&#8221;][/vc_column][/vc_row][vc_row][vc_column width=&#8221;5/12&#8243;][vc_column_text]Amb les portes obertes i les mans esteses a tota [&hellip;]</p>

<!-- This site is optimized with the Yoast SEO plugin v27.2 - https://yoast.com/product/yoast-seo-wordpress/ -->
<title>Torre Bellesguard | Obra Exclusiva de Gaudí a Barcelona</title>
<meta name="description" content="Descobreix Bellesguard, l&#039;obra més exclusiva de l&#039;arquitecte modernista declarada Bé d&#039;Interès Cultural a Barcelona. Gaudí en estat pur. Visita&#039;ns!" />
<meta name="robots" content="index, follow, max-snippet:-1, max-image-preview:large, max-video-preview:-1" />
<link rel="canonical" href="https://bellesguardgaudi.com/ca/bellesguard/" />
<meta property="og:locale" content="ca_ES" />
<meta property="og:type" content="article" />
<meta property="og:title" content="Torre Bellesguard | Obra Exclusiva de Gaudí a Barcelona" />
<meta property="og:description" content="Descobreix Bellesguard, l&#039;obra més exclusiva de l&#039;arquitecte modernista declarada Bé d&#039;Interès Cultural a Barcelona. Gaudí en estat pur. Visita&#039;ns!" />
<meta property="og:url" content="https://bellesguardgaudi.com/ca/bellesguard/" />
<meta property="og:site_name" content="Obra Modernista de Antoni Gaudí en Barcelona | Torre Bellesguard" />
<meta property="article:modified_time" content="2021-11-11T11:41:45+00:00" />
<meta name="twitter:card" content="summary_large_image" />
<meta name="twitter:label1" content="Temps estimat de lectura" />
	<meta name="twitter:data1" content="2 minuts" />
<script type="application/ld+json" class="yoast-schema-graph">{"@context":"https://schema.org","@graph":[{"@type":"WebPage","@id":"https://bellesguardgaudi.com/ca/bellesguard/","url":"https://bellesguardgaudi.com/ca/bellesguard/","name":"Torre Bellesguard | Obra Exclusiva de Gaudí a Barcelona","isPartOf":{"@id":"https://bellesguardgaudi.com/ca/#website"},"datePublished":"2019-07-23T15:47:06+00:00","dateModified":"2021-11-11T11:41:45+00:00","description":"Descobreix Bellesguard, l'obra més exclusiva de l'arquitecte modernista declarada Bé d'Interès Cultural a Barcelona. Gaudí en estat pur. Visita'ns!","breadcrumb":{"@id":"https://bellesguardgaudi.com/ca/bellesguard/#breadcrumb"},"inLanguage":"ca","potentialAction":[{"@type":"ReadAction","target":["https://bellesguardgaudi.com/ca/bellesguard/"]}]},{"@type":"BreadcrumbList","@id":"https://bellesguardgaudi.com/ca/bellesguard/#breadcrumb","itemListElement":[{"@type":"ListItem","position":1,"name":"Portada","item":"https://bellesguardgaudi.com/ca/"},{"@type":"ListItem","position":2,"name":"Bellesguard"}]},{"@type":"WebSite","@id":"https://bellesguardgaudi.com/ca/#website","url":"https://bellesguardgaudi.com/ca/","name":"Obra Modernista de Antoni Gaudí en Barcelona | Torre Bellesguard","description":"Web oficial de la Torre Bellesguard. Una de las obras más personales del arquitecto modernista Gaudí en Barcelona. ¡Visítala sin colas ni aglomeraciones!","potentialAction":[{"@type":"SearchAction","target":{"@type":"EntryPoint","urlTemplate":"https://bellesguardgaudi.com/ca/?s={search_term_string}"},"query-input":{"@type":"PropertyValueSpecification","valueRequired":true,"valueName":"search_term_string"}}],"inLanguage":"ca"}]}</script>
<!-- / Yoast SEO plugin. -->

Torre Bellesguard | Obra Exclusiva de Gaudí a Barcelona

Descobreix Bellesguard, l'obra més exclusiva de l'arquitecte modernista declarada Bé d'Interès Cultural a Barcelona. Gaudí en estat pur. Visita'ns!

Obra Modernista de Antoni Gaudí en Barcelona | Torre Bellesguard

Web oficial de la Torre Bellesguard. Una de las obras más personales del arquitecto modernista Gaudí en Barcelona. ¡Visítala sin colas ni aglomeraciones!
